
13
Let p(m) = m - 6. Let t be p(9). Suppose 9 = 3*x - 8*w + t*w, 0 = 5*x + 2*w - 15. What is the greatest common divisor of x and 21?
3
Let o = 77 - 52. What is the greatest common factor of o and 5?
5
Let f be 35/(-7) - (1 + -35). What is the greatest common divisor of 319 and f?
29
Suppose 4*c = 3*c + 13. Calculate the highest common divisor of c and 52.
13
Suppose -3*w + 43 = 7. Calculate the highest common factor of w and 96.
12
Let n = 404 + -128. Suppose n = -4*x - 48. Let z = -56 - x. Calculate the highest common divisor of 10 and z.
5
Suppose -3*c + u = 2*u - 46, 0 = -2*c + 3*u + 27. What is the highest common factor of c and 135?
15
Let n(h) = 3*h + 7. Let y be n(3). Calculate the highest common divisor of 80 and y.
16
Suppose -4*b - 10 = -6*b. Let m be 7/(-35) + 61/b. What is the highest common divisor of 96 and m?
12
Suppose -58 + 3 = -5*i. Suppose 5*m - i = 34. What is the highest common divisor of 63 and m?
9
Let s(a) = 7*a**2 + a + 1. Let v be s(-1). Calculate the greatest common factor of 1 and v.
1
Let m(g) = -7*g**2 + 2*g - 1. Let k(s) = -8*s**2 + s. Let x(d) = -3*k(d) + 2*m(d). Let a be x(2). Calculate the highest common divisor of 20 and a.
20
Let t(q) = 4*q**2 + 7*q + 4. Let y be t(-4). Suppose 5*p - 60 = 2*p. Let l = 28 - p. Calculate the highest common factor of l and y.
8
Suppose 5*g + 2*d = 26, -5*g - d - 32 = -10*g. Suppose 2*q - q = g. Calculate the highest common divisor of 6 and q.
6
Let b = -22 - -27. Calculate the greatest common divisor of 5 and b.
5
Let f(i) = 33*i. Let o be f(2). Let z(u) = -5 - 2*u + 3 + 4*u - u. Let l be z(8). What is the greatest common factor of o and l?
6
Suppose -38 = 21*y - 23*y. What is the greatest common factor of 95 and y?
19
Suppose 0*u - 7 = -u. Suppose -5*a - u = -47. Let w(p) = 3*p**2 + 2*p. Let s be w(-4). Calculate the highest common divisor of s and a.
8
Let d be (5 - 4)/((-1)/(-14)). Suppose 2*l + 0*l - 24 = -5*x, 0 = -5*x + 3*l + d. Calculate the highest common divisor of x and 44.
4
Suppose -5*p - 40 = 2*n - 7*n, 46 = 5*n - 2*p. What is the greatest common divisor of n and 5?
5
Suppose -18 = -2*o - 4*p, 75 = 4*o - 2*p - 3*p. Calculate the highest common divisor of o and 5.
5
Suppose -3*r = 4 - 46. Calculate the greatest common factor of r and 98.
14
Suppose 0 = 4*h + k - 55, 3*h = h + 4*k + 14. Calculate the highest common divisor of h and 104.
13
Let v be (-4)/3*(2 + (-7)/2). Calculate the greatest common factor of v and 2.
2
Suppose 0 = 13*u - 12*u - 3. Suppose 450 = 2*r + u*r. Calculate the highest common factor of r and 36.
18
Suppose 0 = -5*p + 5*z + 75, -p = 4*p - 2*z - 75. Suppose 2*d = -d + 30. Calculate the greatest common divisor of p and d.
5
Let c = -4 - -6. Let y = c + 2. Suppose 1 + y = h. What is the greatest common factor of h and 40?
5
Let l be (18/(-21))/(4/(-112)). What is the highest common factor of 36 and l?
12
Let x(c) = 73*c - 6. Let j be x(2). What is the greatest common factor of 20 and j?
20
Suppose 5*a = -2*r + r - 19, -5*r + 25 = -5*a. Let t(l) = 17*l**3 - 1. Let j be t(r). Calculate the highest common factor of 48 and j.
16
Let t = 29 - 25. What is the highest common factor of t and 4?
4
Let f(n) = -n**2 - 10*n - 13. Let w be f(-7). Suppose 6 = -0*d + 3*d. Let z be (d + -2)/(-1) + 1. Calculate the highest common divisor of w and z.
1
Let s(z) = -5*z - 6. Let i be s(-4). Calculate the highest common factor of 35 and i.
7
Suppose 5*q + 35 = 5*k, -k = -0*k - 2*q - 12. Calculate the greatest common divisor of 4 and k.
2
Let y be (-504)/27*(-42)/8. What is the highest common factor of y and 14?
14
Suppose v - 18 = -2*v. Calculate the greatest common factor of v and 6.
6
Suppose 3*b = 4*t - 32, -b = -6*b + t - 25. Let p(v) = -2*v + 0*v + v + 5. Let n be p(b). Calculate the highest common divisor of n and 3.
3
Suppose -5 = x - 2*x. Suppose 149 = x*z - 76. Calculate the highest common divisor of z and 9.
9
Suppose -50 = -5*k + 30. What is the highest common factor of k and 4?
4
Suppose -4*g - 697 = 167. Let r be g/(-60) + 2/5. What is the highest common divisor of r and 36?
4
Suppose o - 2*y - 28 = -10, 3*o = -5*y - 1. What is the highest common factor of o and 40?
8
Suppose -3*y - 12 = 0, 2*y - y - 59 = -3*f. Let w = f - 10. What is the highest common divisor of w and 11?
11
Let z(b) = 6*b - 4. Let o be z(4). Suppose -3*x - 4*a = 16, -3*x = -2*a + 7*a + 20. Suppose x = 6*g - g - 250. Calculate the highest common factor of g and o.
10
Let j(w) be the third derivative of w**5/60 - 7*w**4/24 + 5*w**3/3 - w**2. Let c be j(10). What is the greatest common divisor of c and 5?
5
Let h(a) = 107*a**2 - 51*a**2 - 2 - 33*a**2. Let d be h(1). Calculate the highest common factor of 14 and d.
7
Let o(s) = 2*s**2 - s + 1. Let t be o(-2). Calculate the highest common factor of t and 121.
11
Let r(g) = -g**3 - g**2 + 2. Let w be r(-2). Let k(t) = -t**2 + 7*t + 2. Let n be k(w). Calculate the highest common divisor of 24 and n.
8
Suppose 0*f + r = 5*f - 75, -f + 3*r + 15 = 0. Calculate the greatest common factor of 195 and f.
15
Suppose 4*g - 2*g + 47 = 5*b, 0 = 4*b + 2*g - 34. Let h(t) = t + 1. Let k = 7 - 7. Let a be h(k). Calculate the highest common factor of a and b.
1
Let h = -4 + 6. Suppose -16 = -h*m - 2*m. What is the greatest common divisor of m and 4?
4
Suppose 0*l + 16 = -2*a + 3*l, 0 = -2*a + 2*l - 16. Let u(f) = -2*f - 12 - f + f. Let q be u(a). What is the highest common factor of 32 and q?
4
Suppose 5*z = 2*i + 29, -2*i + i - 17 = -3*z. Suppose -z*c - 2 = -42. Let l be (-48 - 0)*c/(-12). What is the highest common factor of 8 and l?
8
Let z(g) = -g**3 - g**2 - 2*g - 2. Let d be z(-2). Let y = -6 - -48. Calculate the greatest common divisor of y and d.
6
Let u be (-14)/(-2)*286/91. What is the greatest common factor of u and 88?
22
Suppose 4*x - 144 = -0. Calculate the highest common divisor of x and 24.
12
Suppose 3*k = -4*m - 5, 5*k = -5*m - 6 - 4. Let i = k - -11. Calculate the highest common divisor of 72 and i.
8
Let c = -37 + 56. Calculate the greatest common divisor of 114 and c.
19
Let a(l) be the first derivative of -3*l**2 - l + 3. Let z be a(-2). Calculate the greatest common factor of 1 and z.
1
Let g(z) = -z**2 - 6*z - 3. Let d be g(-2). Suppose -d*j + 0*j = 0. Suppose j*n + 10 = 5*n. What is the highest common divisor of 22 and n?
2
Suppose -b - 3 = -2*z + 3, 2*b + 8 = 0. What is the highest common factor of z and 1?
1
Let i(u) = 18*u**2 + 2*u. Let g be i(3). Calculate the highest common divisor of g and 21.
21
Suppose y + 54 = k, -3*y + y + 242 = 5*k. What is the highest common divisor of k and 10?
10
Suppose 4*q + 5*l = -8 + 41, 5 = l. Suppose -543 = -5*w - 3*r, w + 107 = q*w - r. Calculate the highest common factor of w and 12.
12
Let f be 8/(-3)*(-45)/10. Let m be (-1)/(-3 + 34/f). Calculate the highest common divisor of m and 12.
6
Let j be (990/(-25))/(2/(-5)). What is the highest common factor of 11 and j?
11
Let t = -3 - -6. Suppose -4*k - t + 11 = 0. Let j be (4 - -2) + (-5 - (-8 - -4)). Calculate the highest common factor of j and k.
1
Let i = 570 + -165. Calculate the greatest common divisor of i and 45.
45
Let j(v) = -9*v - 3. Let m = -2 + 0. Let s be j(m). Calculate the greatest common factor of 165 and s.
15
Let n(x) = -5*x**3 - x**2 + 1. Let s be n(-1). Calculate the greatest common divisor of s and 1.
1
Let k be (0 - -9)/(2/8). Let t = -21 + k. Calculate the greatest common factor of 15 and t.
15
Let f be 4/(-16) - (-111)/12. Suppose -f = 4*d - 5*d. Calculate the greatest common factor of d and 72.
9
Suppose 4*z - y = -5*y + 80, -z + 4*y + 15 = 0. Calculate the greatest common divisor of 323 and z.
19
Suppose d + g - 104 = 0, -d - 5*g + 124 = -0*g. What is the highest common divisor of d and 66?
33
Suppose -23 = -5*t + 47. Calculate the greatest common factor of t and 14.
14
Let a(g) = g**3 - 8*g**2 + 4. Let l be a(8). Let n be 34/4 - 2/l. Let t = 1 + n. What is the greatest common divisor of 9 and t?
9
Suppose -4*b = -12 - 16. Suppose 4*x - 29 - 3 = 0. Let i be -4*((-82)/x + -2). What is the greatest common factor of i and b?
7
Let z(x) be the first derivative of -11*x**2/2 + x + 3. Suppose 3*o = -2*o - 25. Let w be z(o). What is the highest common divisor of 7 and w?
7
Suppose 0 = -6*d + 2*d + 120. Calculate the high